3
Let g(m) = 24*m + 929. Determine g(-38).
17
Let a(t) = 126*t - 300. Give a(2).
-48
Let f(k) = -563*k + 21. Calculate f(-1).
584
Let a(k) = -59*k - 5. What is a(0)?
-5
Let x(b) = -77*b + 237. What is x(3)?
6
Let l(o) = -o**3 - 15*o**2 + 86*o + 11. Calculate l(-19).
-179
Let b(i) = i**3 - 5*i**2 - 11*i + 40. Determine b(6).
10
Let d(s) = -44*s**3 + 31*s**2 - 61*s - 4. Calculate d(2).
-354
Let i(h) = -38*h**2 + 2011*h + 165. What is i(53)?
6
Let d(u) = -u**3 - 16*u**2 + 31*u + 337. Determine d(-18).
427
Let b(u) = 3*u**2 - 295*u + 110. Give b(98).
12
Let o(w) = 82*w + 7787. Give o(-95).
-3
Let u(a) = -a**2 + 6*a + 48. What is u(7)?
41
Let p(h) = -7*h**3 - 14*h**2 + 6*h + 5. Give p(1).
-10
Let i(o) = -5*o**2 - 177*o - 1672. Give i(-19).
-114
Let t(w) = w**2 + 131*w - 1429. Give t(11).
133
Let t(j) = -j**3 + 28*j**2 + j - 22. Calculate t(28).
6
Let b(q) = q**2 - 63*q + 528. Give b(10).
-2
Let y(j) = 387*j**2 - 3867*j + 34. Calculate y(10).
64
Let c(r) = 4*r**2 + 2*r + 157. Determine c(0).
157
Let r(b) = -b**3 + 12*b**2 - 8*b - 65. Determine r(6).
103
Let z(q) = -6634*q - 278622. Give z(-42).
6
Let m(b) = -3*b**3 - 3*b**2 + 87*b - 31. Give m(0).
-31
Let h(o) = 13*o + 567. What is h(-46)?
-31
Let a(o) = -132*o**3 - 222*o**2 + 225*o - 2. Give a(1).
-131
Let h(t) = 577*t + 4. What is h(2)?
1158
Let b(z) = -135*z - 10916. What is b(-81)?
19
Let b(z) = -224*z - 2010. Give b(-9).
6
Let i(q) = q**3 - 132*q**2 + 2673*q + 202. What is i(107)?
-12
Let f(v) = 43*v + 710. Calculate f(-15).
65
Let w(c) = 1152*c - 26535. Calculate w(23).
-39
Let z(x) = x**3 + 108*x**2 - 225*x - 609. Give z(-110).
-59
Let j(f) = 223*f + 1306. Determine j(-6).
-32
Let j(t) = t**2 - 30847*t - 154261. What is j(-5)?
-1
Let k(o) = -50*o + 246. Determine k(6).
-54
Let r(n) = n**2 - 16*n + 97. What is r(9)?
34
Let m(i) = 22*i**2 + 1379*i - 418. Give m(-63).
23
Let k(o) = -5*o**2 + 100*o + 108. Determine k(21).
3
Let t(s) = 197*s - 1244. Give t(7).
135
Let h(g) = -g**2 + 10*g - 2. What is h(-1)?
-13
Let c(m) = 11*m - 243. Calculate c(22).
-1
Let k(x) = -3*x**2 - 5*x - 20. What is k(-5)?
-70
Let m(o) = 2*o**2 + 109*o + 1364. What is m(-19)?
15
Let a(b) = -6*b + 100. Give a(22).
-32
Let d(u) = -4*u**3 - 86*u**2 + 12*u + 62. Give d(-21).
-1072
Let j(v) = v**3 + 23*v**2 - 12*v + 126. Calculate j(-24).
-162
Let n(p) = 2*p**3 - 81*p**2 - 210*p + 49. What is n(43)?
264
Let p(j) = -12*j + 233. Give p(18).
17
Let a(f) = 2*f**2 - 215*f - 772. Determine a(111).
5
Let o(j) = 1325*j + 11936. Give o(-9).
11
Let f(q) = 33*q**2 - 59*q + 59. Calculate f(1).
33
Let d(r) = -r**3 + 34*r**2 - 95*r + 71. Determine d(31).
9
Let h(c) = 5*c**2 - 61*c - 5. Give h(9).
-149
Let o(h) = -29*h**2 - 1091*h + 412. Give o(-38).
-6
Let f(g) = 2*g**3 - 72*g**2 - 74*g - 18. What is f(37)?
-18
Let b(k) = -1575*k - 9527. Give b(-6).
-77
Let t(l) = 586*l - 25175. Calculate t(43).
23
Let u(g) = 2*g**3 + 24*g**2 - 33*g + 28. What is u(-12)?
424
Let h(a) = -12*a - 20. Calculate h(-8).
76
Let u(l) = l**2 + 4*l - 6. Give u(9).
111
Let q(v) = -376*v - 5583. Determine q(-15).
57
Let g(j) = -j**3 + 14*j**2 - 57*j + 57. What is g(6)?
3
Let w(b) = -b**3 + 29*b**2 + 38*b - 2518. Determine w(27).
-34
Let c(h) = 3462*h + 13856. Give c(-4).
8
Let w(z) = 3*z**3 - 116*z**2 - 31*z - 309. Determine w(39).
3
Let t(d) = -120*d + 1125. What is t(9)?
45
Let z(y) = 352*y + 2454. Determine z(-7).
-10
Let c(r) = -95*r + 4747. Give c(50).
-3
Let k(r) = -42*r + 180. Give k(5).
-30
Let s(t) = -23*t - 613. Determine s(-26).
-15
Let r(q) = 5*q + 372. Calculate r(-58).
82
Let a(x) = -x**2 - 146*x - 149. What is a(-145)?
-4
Let n(u) = -4*u**3 - 20*u**2 + 7*u + 20. What is n(-6)?
122
Let c(s) = 2*s**3 + 184*s**2 + 550*s + 1415. Determine c(-89).
-9
Let t(p) = 37*p**2 - 65*p + 41. Determine t(1).
13
Let y(o) = 11*o - 98. What is y(7)?
-21
Let b(f) = f**3 - 13*f**2 - 5*f + 13. Calculate b(14).
139
Let w(n) = -n**3 + 116*n**2 - 451*n + 329. Give w(112).
-7
Let h(a) = -a**3 - 183*a**2 - 1237*a - 868. Calculate h(-176).
12
Let o(t) = -5*t**3 - 53*t - 53. Give o(-1).
5
Let u(t) = -6283*t - 25129. Determine u(-4).
3
Let c(j) = -j**2 - 21*j - 40. Calculate c(-22).
-62
Let i(p) = -17*p**2 + 900*p + 76. Determine i(53).
23
Let f(r) = r**3 + 146*r**2 + 973*r + 7. Determine f(-7).
7
Let f(o) = 38*o - 730. Determine f(19).
-8
Let h(g) = g**3 - 39*g**2 + 165*g + 166. Calculate h(34).
-4
Let w(x) = -x**3 + 35*x**2 + 35*x + 82. Give w(36).
46
Let f(s) = -74*s - 2421. Give f(-31).
-127
Let f(v) = 46*v + 2097. Give f(-36).
441
Let p(x) = -38*x - 118. Determine p(-9).
224
Let h(w) = -15*w**2 + 56*w - 18. Determine h(3).
15
Let s(r) = -30*r + 467. Calculate s(12).
107
Let a(l) = l**2 - 28*l - 322. Give a(-9).
11
Let n(v) = -v**3 + 60*v**2 - 108*v - 562. Calculate n(58).
-98
Let a(v) = -v**2 - 122*v - 1360. Give a(-12).
-40
Let v(a) = -a**3 - 106*a**2 + 102*a - 443. What is v(-107)?
92
Let m(j) = 59*j - 471. Calculate m(8).
1
Let b(f) = 3*f**2 + 4*f - 26. What is b(5)?
69
Let s(n) = 2*n**2 - 208*n + 456. Give s(102).
48
Let v(j) = j**3 + 3*j**2 + 13*j + 45. What is v(-3)?
6
Let u(a) = -a**3 + 8*a**2 - 28*a + 66. Give u(6).
-30
Let v(z) = -11*z**2 + 10*z - 11. Determine v(1).
-12
Let r(a) = 136*a + 2987. Calculate r(-22).
-5
Let a(b) = -632*b + 13905. Give a(22).
1
Let j(l) = 4*l**2 + 29*l + 43. What is j(-5)?
-2
Let o(n) = -10*n**2 + 115*n - 227. Calculate o(9).
-2
Let u(d) = 55*d + 945. Calculate u(-17).
10
Let g(c) = -c**3 - 5*c**2 + 9*c - 109. Give g(-8).
11
Let t(s) = -48*s - 8867. What is t(-185)?
13
Let j(h) = -9*h**3 + 13*h**2 - 14*h + 5. Determine j(1).
-5
Let m(a) = -8*a**2 + 1. Give m(2).
-31
Let w(k) = 12*k**3 + 4*k**2 + 2*k. Give w(-2).
-84
Let y(j) = 2*j**3 - j**2 - 24*j + 61. Give y(6).
313
Let y(p) = -10*p + 76. Determine y(6).
16
Let s(a) = -54*a - 253. Give s(-3).
-91
Let n(v) = 61*v + 124. Calculate n(4).
368
Let s(a) = a**2 - 96*a + 2297. Give s(49).
-6
Let g(m) = 3*m**2 - 114*m + 1119. What is g(10)?
279
Let w(v) = v**3 - 156*v**2 - 150*v - 1111. What is w(157)?
-12
Let k(d) = -d**3 - 9*d**2 + 25*d + 27. Calculate k(-11).
-6
Let o(c) = 48*c**2 - 196*c + 21. Determine o(4).
5
Let a(h) = 30*h**2 - h - 5. What is a(-2)?
117
Let b(t) = -t**3 + 16*t**2 + 56*t + 60. Determine b(19).
41
Let l(s) = 3*s**2 + 15*s + 30. Determine l(-8).
102
Let h(l) = -75*l + 200. What is h(3)?
-25
Let t(s) = -3*s**2 - 26*s + 678. What is t(-20)?
-2
Let u(l) = 14*l - 331. Give u(21).
-37
Let s(l) = 46*l + 555. Calculate s(-12).
3
Let m(p) = p**3 - 16*p**2 + 427*p - 5041. What is m(13)?
3
Let a(t) = t**2 + 41*t - 7. Determine a(-24).
-415
Let l(f) = f**2 + 22*f + 13. Determine l(10).
333
Let o(i) = 3*i**3 - 42*i**2 - 43*i - 26. Determine o(15).
4
Let t(d) = -28*d + 256. Give t(5).
116
Let p(n) = n**2 + 89*n + 265. What is p(-3)?
7
Let t(h) = 238*h - 1426. What is t(6)?
2
Let g(f) = -5*f**2 - 131*f - 136. Give g(-25).
14
Let l(k) = 6*k**2 + 90*k - 30. Give l(-15).
-30
Let u(g) = 218*g + 873. What is u(-4)?
1
Let m(n) = 312*n + 31510. Determine m(-101).
-2
Let f(a) = a**3 + 18*a**2 + 63*a - 67. Give f(-8).
69
Let q(z) = z**2 - 14*z - 129. What is q(16)?
-97
Let u(y) = 2*y**2 + 14*y + 1. Determine u(-3).
-23
Let u(l) = l**3 - 71*l**2 - 68*l + 4849. Give u(71).
21
Let z(k) = -2*k**2 + 7*k + 382. Calculate z(-12).
10
Let l(f) = 9*f**2 - 40*f - 230. Determine l(-8).
666
Let b(l) = 46*l - 1605. Determine b(35).
5
Let s(k) = 2*k**2 + 29*k - 27. What is s(-16)?
21
Let b(d) = 29*d + 61. Give b(0).
61
Let h(y) = -77*y + 89. What is h(3)?
-142
Let w(h) = h**3 - 6*h**2 - 52*h + 162. Determine w(4).
-78
Let q(z) = -13602*z + 340050. Give q(25).
0
Let k(z) = z**2 - 3*z + 44. Determine k(5).
54
Let l(h) = h**2 - 121*h + 2184. What is l(22)?
6
Let l(g) = -6*g**2 + 122*g - 238. Calculate l(18).
14
Let u(f) = -158*f + 798. Give u(5).
8
Let m(n) = 180*n + 3659. Determine m(-20).
59
Let z(i) = 26*i - 76. Calculate z(6).
80
Let g(n) = 89*n + 220. Give g(-5).
-225
Let c(l) = -19*l**3 - l**2 + 6*l + 10. Calculate c(-2).
146
Let z(l) = 50*l + 1548. Calculate z(-32).
-52
Let g(a) = -32*a + 36. What is g(0)?
36
Let m(f) = 5*f**2 + 140*f + 240. What is m(-26)?
-20
Let j(r) = r**2 + 35*r - 2. Determine j(-35).
-2
Let d(o) = -85*o - 4513. Calculate d(-53).
-8
Let w(k) = k**3 + 11*k**2 - 18*k - 40. Calculate w(